test common factor of c and t?
5
Let t = 4040 + -1032. What is the highest common factor of 48 and t?
16
Let t(c) = -5*c**3 + 34*c**2 + 32*c - 33. Let f be t(-11). What is the highest common factor of f and 176?
176
Let z be (-34)/(13 + 1060/(-44) + 11). Let v be 1352/40 + (-2)/(-10). What is the greatest common factor of v and z?
34
Suppose -9*l + 3494 = -4517 + 1666. Calculate the greatest common divisor of l and 7473.
141
Let x = 326 - 878. Let z = x + 877. What is the highest common divisor of 25 and z?
25
Suppose -4374 = 347*r - 353*r. Calculate the greatest common divisor of r and 2430.
243
Let j(x) = -13*x + 30. Let w be j(1). Let c = 17 - 17. Suppose -5*h = t - 594, 0 = -h - c*t + 2*t + 121. What is the greatest common factor of w and h?
17
Let y = 166 + -159. Suppose 4*t - 28 = -x - 0*x, t + 2*x = y. What is the greatest common factor of t and 63?
7
Let i(v) = 35*v**2 + 75*v - 80. Let h be i(-9). Calculate the greatest common divisor of 65 and h.
65
Suppose -4*w - 196 = -s, 2*s + 905 = 7*s - 5*w. Let a = 186 - s. What is the greatest common divisor of 50 and a?
10
Let a be 5*(-6)/20*-74. Suppose 335*b + 1044 = 422*b. What is the highest common factor of a and b?
3
Let x = 68 + -66. Suppose -24 + 8 = -4*k, h - x*k = 10. What is the highest common factor of h and 90?
18
Let l(f) = -41*f + 2. Let t be 0*(-2 - (-1 + -2)). Suppose -2 = -c + 2*i, -4*c + t*i - 16 = 4*i. Let w be l(c). What is the highest common factor of 28 and w?
28
Let n be (-1*(-15)/(-35))/((-3)/21). Suppose -t + 6*t - 223 = -n*o, 2*o + 8 = 0. What is the highest common divisor of t and 2?
1
Let b be ((-5)/((-45)/(-6)))/((-4)/(-18)). Let g be (7 + b)/(3/(-5) - -1). What is the greatest common factor of g and 90?
10
Suppose -j - 56 - 16 = 3*x, -j - 100 = -4*x. Let c = 147 + j. What is the highest common divisor of 3 and c?
3
Let q(b) be the first derivative of -b**3/3 - 7*b**2/2 + 4*b + 90. Let d be q(-6). What is the greatest common divisor of d and 2?
2
Suppose t - 196*b + 193*b = 38, -2*b + 48 = 3*t. Calculate the greatest common factor of 2935 and t.
5
Let u be 245 + (6/8 - (-210)/168). Calculate the greatest common factor of 34333 and u.
247
Let p(r) be the third derivative of -1/12*r**4 + 0 - 5/2*r**3 + 0*r + 16*r**2. Let y be p(-12). Calculate the highest common factor of 63 and y.
9
Let r(n) = -2*n**2 + 54*n + 53. Let q be r(28). Let h be (-12)/(-12) + (-1581)/q. What is the highest common divisor of 48 and h?
48
Suppose m + 115 = 6*m. Suppose -20357*c + 20363*c = 6. What is the highest common divisor of c and m?
1
Let l(i) = -5*i**3 + i**2 + 2*i + 1. Let d be l(-1). Suppose -3*w - 4*r + 21 = -37, 102 = d*w + 4*r. What is the greatest common divisor of 198 and w?
22
Let z(o) = -o**2 - 26*o - 146. Let f(p) = -55*p + 261. Let g be f(5). Let u be z(g). Calculate the greatest common divisor of 6 and u.
2
Suppose 6*j - 86 = 34. Suppose 4*g + 6*g = 4*g. Suppose g = 8*q + 3*q - 55. What is the greatest common factor of j and q?
5
Suppose 5*y - 10 = c, 4 + 76 = 5*c + y. Calculate the highest common factor of 1920 and c.
15
Let z(j) = 343*j - 2735. Let v be z(8). What is the highest common divisor of v and 11736?
9
Let r = 75 - 53. Let g be (1 + -13 + (-1 - -3))/(-2). Suppose -2*l = 3*s - 14, g*s - r = -l - 2*l. What is the highest common divisor of 10 and s?
2
Let u = -989 - -983. Let y be u - ((-4)/(-12) - 728/6). Calculate the greatest common factor of y and 805.
115
Let n be -114*(-33)/36 - 1/2. Suppose 3*x = -4*p + n, -2*p - 10*x + 6*x = -52. What is the highest common factor of 195 and p?
13
Let n be 415 - (-25)/((-575)/(-69)). Calculate the greatest common divisor of n and 44.
22
Let w(c) be the second derivative of 7*c**4/12 - 19*c**3/6 + 67*c**2/2 + 3*c + 4. Let k be w(5). Calculate the highest common divisor of 42 and k.
21
Let k(c) = 82*c + 23. Let m be k(5). Let a = 445 - m. What is the greatest common divisor of 51 and a?
3
Suppose -146 = -3*x + 4*m, 5*m - 45 = -5*x + 140. Let g = 836 + -374. Calculate the greatest common divisor of x and g.
42
Let z be -7 + (9 - 40/5)/((-2)/(-490)). Let b be (-3 - 14/(-4))*140. Calculate the highest common divisor of z and b.
14
Let n = 2921 - 2905. Calculate the greatest common factor of n and 5008.
16
Let j be 126 + 2702 - 2*(0 + -3)*-1. What is the highest common factor of 136 and j?
34
Let a = 15869 - 15275. Calculate the greatest common factor of 3102 and a.
66
Suppose -2*a - 5*p + 46 = 0, -5*a + 4*a + 21 = 3*p. Let b be (-80)/(-12) + 18/(-27). Calculate the highest common divisor of a and b.
3
Let c(t) = 2*t**2 - t - 51. Let i(o) = -2*o**2 + 86*o + 6. Let y be i(43). Let m be c(y). What is the greatest common factor of 555 and m?
15
Let d(n) = 2*n**2 - 3*n - 5. Let z be d(3). Suppose -z*w = -w - 9. Suppose 0 = c + 2, -50 = w*k - 8*k - 5*c. Calculate the highest common factor of 12 and k.
12
Let f(o) be the third derivative of o**5/12 - 13*o**4/24 + 6*o**3 - o**2 + 13. Let b be f(3). What is the greatest common factor of b and 105?
21
Suppose 3*h = 3*l + 207, -4*h + 8 = -4. Let b = 29 - l. What is the greatest common divisor of 19 and b?
19
Suppose 0 = -2*u - 0 + 4. Let w be 80/12 + u/6. Suppose 4*k - 36092 = -36088. What is the highest common factor of w and k?
1
Let a(g) be the third derivative of 5*g**4/24 + 5*g**3/3 - 55*g**2. Let l be a(23). What is the greatest common factor of l and 100?
25
Suppose 6*r - 4*r - 4 = 0, -h + 49 = 3*r. Suppose 3*t = 199 - h. Let m = t + -35. Calculate the highest common factor of m and 323.
17
Let s(q) = -7*q - 35. Let p be s(-6). Suppose 5*o + p*r = 4*r - 279, -4*r = 4*o + 228. Let z = 93 + o. Calculate the highest common divisor of z and 91.
13
Suppose -2*l + 117 + 33 = 0. Suppose 47*i - 51*i + 5*c - 8 = 0, -3*i + c + 5 = 0. Calculate the highest common factor of l and i.
3
Suppose 83*k - 87*k = -276. Calculate the greatest common divisor of 1909 and k.
23
Suppose -350*o + 354*o + r = 1288, -3*r + 1596 = 5*o. Calculate the highest common divisor of 396 and o.
36
Suppose 2*x - 18*m - 68 = -20*m, -x - 2*m + 29 = 0. Calculate the greatest common factor of x and 403.
13
Let w be (-1)/((-1)/2) + 0. Suppose 3*v + 588 = -v. Let q = 149 + v. Calculate the highest common factor of q and w.
2
Let l be (505 - 1)*((-2)/5 - 14/(-10)). What is the highest common divisor of 216 and l?
72
Suppose l + 2*h - 2230 = 0, -5*l + 5*h + 3483 = -7607. What is the highest common factor of 1414 and l?
202
Suppose -7812 = -156*s + 150*s. What is the greatest common divisor of s and 112?
14
Suppose -20*c + 648 = 568. What is the highest common factor of c and 692?
4
Let o(y) = y**2 + 17*y + 12. Let r be o(-19). Let q = r + -50. Suppose -2*a = -5*u - 38, q*a - 2*u - 18 = -a. Calculate the greatest common factor of 14 and a.
14
Let j(u) = -2*u**3 + 211*u**2 - 83*u - 91. Let l be j(105). Calculate the highest common divisor of l and 35.
7
Suppose -171*i - 1476 = -168*i. Let n = -440 - i. Calculate the highest common factor of 4 and n.
4
Let f(k) = 3*k**3 - 428*k**2 + 281*k + 439. Let y be f(142). What is the highest common factor of y and 11089?
13
Suppose -50*s + 52*s = 80. Suppose 44 = m + 18. Let r = -2 + m. What is the highest common factor of s and r?
8
Suppose 184*i - 103493 = 26043. Calculate the highest common factor of 2 and i.
2
Let p be 6/(1 + 4 + (-159)/30). Let s be (p/(-1))/4 - -26. What is the highest common divisor of 93 and s?
31
Let v(f) = 2 + 13*f - 7*f + 7. Let m be v(-7). Let c be (3 - m) + 9/(-3). What is the greatest common divisor of 11 and c?
11
Let k be 504/105*-4*(274/(-4) + 1). Calculate the greatest common divisor of k and 729.
81
Suppose -11*m + 26 = -8*m - 4*a, -9*a + 49 = 4*m. What is the highest common divisor of 530 and m?
10
Let c = -24169 - -24227. Calculate the greatest common factor of 16 and c.
2
Let p(r) = -r**2 + 9*r - 20. Let a be p(8). Let m be 112*(-1)/(16/a). Suppose 2*b = 2 + 22. Calculate the greatest common divisor of b and m.
12
Let h(b) = -b + 31. Let u be h(-11). What is the greatest common divisor of u and 1662?
6
Let j(t) = t**3 + 6*t**2 + 8*t + 19. Let s be j(-5). Let v(y) = 6*y + 30. Let n be v(s). Let z be (-1 + 7)*1/1. Calculate the highest common divisor of z and n.
6
Let y be (510/(-22) - 1) + (-96)/(-528). Let f = 36 + y. Suppose -4*a = -0 - 12. What 